s the highest common divisor of 36137 and 125?
1
Calculate the highest common factor of 4632925 and 29.
1
Calculate the highest common divisor of 19537244 and 152.
76
Calculate the greatest common factor of 45463720 and 920.
40
What is the greatest common divisor of 25920 and 247360?
320
What is the greatest common factor of 566690 and 396195?
305
Calculate the greatest common divisor of 708 and 370444244.
236
What is the highest common factor of 9712 and 5698516?
2428
Calculate the greatest common divisor of 577941298 and 66.
22
Calculate the greatest common divisor of 137 and 368999910.
137
Calculate the highest common factor of 3969 and 271330479.
567
What is the greatest common divisor of 148 and 1628924778?
74
Calculate the greatest common factor of 58459 and 82627.
53
What is the greatest common factor of 38432604 and 36?
12
What is the highest common divisor of 20358100 and 7560?
140
Calculate the highest common factor of 17751055 and 7.
7
What is the greatest common factor of 1819 and 345499041?
1819
What is the greatest common divisor of 2979 and 397334055?
993
Calculate the highest common factor of 710318172 and 16755.
3351
Calculate the highest common factor of 298 and 2891345.
149
Calculate the greatest common factor of 1665115545 and 15.
15
What is the greatest common factor of 962 and 8362333?
37
What is the greatest common factor of 37179 and 3645729?
2187
What is the highest common divisor of 30431227 and 2357?
2357
What is the highest common divisor of 767650 and 9100?
650
Calculate the greatest common factor of 19285820 and 77074.
866
Calculate the highest common factor of 396 and 41051142.
198
Calculate the greatest common divisor of 24647238 and 4928.
154
What is the greatest common divisor of 8 and 5704698?
2
Calculate the greatest common factor of 15672 and 13880.
8
What is the highest common factor of 1085812 and 44156?
532
What is the highest common divisor of 1517074 and 49114?
26
Calculate the greatest common divisor of 1310 and 57300448.
262
Calculate the greatest common divisor of 29153953 and 9797.
101
Calculate the greatest common divisor of 53960 and 2153430.
710
What is the greatest common divisor of 90890 and 2870050?
610
What is the highest common divisor of 11852469 and 9990?
333
Calculate the highest common divisor of 164336055 and 21645.
7215
Calculate the highest common divisor of 58 and 98876718.
58
What is the highest common divisor of 34067308 and 1193?
1193
What is the highest common factor of 2845 and 51215?
5
Calculate the greatest common divisor of 3552 and 627024.
48
Calculate the greatest common divisor of 3300 and 3801644.
44
What is the greatest common factor of 154187042 and 71434?
6494
Calculate the greatest common factor of 11 and 38421911.
11
What is the greatest common factor of 692224 and 99372?
676
What is the highest common factor of 12470 and 48890?
10
What is the highest common divisor of 12320 and 7341565?
385
What is the highest common divisor of 80990 and 141890?
70
Calculate the greatest common divisor of 135676096 and 320.
64
What is the greatest common divisor of 74054 and 159034?
1214
What is the highest common factor of 109638 and 14022?
18
Calculate the highest common factor of 5320 and 5457256.
1064
Calculate the highest common factor of 428 and 1577944.
4
What is the greatest common factor of 2544 and 736962032?
848
Calculate the greatest common divisor of 2679 and 2892427.
893
What is the greatest common divisor of 2698921115 and 55?
55
What is the greatest common factor of 3678144 and 318?
6
Calculate the greatest common divisor of 64488 and 1408.
8
Calculate the highest common factor of 19449 and 2691.
9
Calculate the highest common divisor of 28070429 and 24130.
2413
Calculate the highest common factor of 399062 and 493921.
3271
Calculate the greatest common factor of 6688455 and 15240.
1905
Calculate the greatest common factor of 2392 and 5450471.
299
What is the highest common divisor of 48668949 and 999?
333
What is the greatest common factor of 74616 and 13560?
24
What is the greatest common factor of 852 and 1173476?
4
What is the highest common factor of 356 and 24234?
2
Calculate the greatest common divisor of 76443 and 10745.
307
Calculate the highest common divisor of 264891276 and 23.
23
Calculate the greatest common factor of 73227 and 36721597.
3487
What is the highest common factor of 23711 and 800201?
181
Calculate the greatest common factor of 5616 and 260624.
208
What is the greatest common divisor of 132 and 2646884?
4
Calculate the greatest common divisor of 37803 and 2031.
3
Calculate the highest common divisor of 147990 and 5970.
30
What is the highest common factor of 920807208 and 207?
207
What is the highest common divisor of 9451670 and 40?
10
Calculate the highest common divisor of 48917700 and 2275.
325
What is the highest common divisor of 346881 and 1165902?
129
What is the highest common factor of 588 and 968460?
12
What is the greatest common factor of 24131 and 44722?
59
Calculate the greatest common divisor of 11680084 and 364.
52
What is the highest common divisor of 972405 and 10815?
105
What is the greatest common factor of 7752 and 166056?
408
Calculate the greatest common factor of 34556335 and 6105.
2035
Calculate the highest common factor of 8298482 and 4862.
34
Calculate the highest common divisor of 1472 and 13534672.
368
Calculate the highest common divisor of 1232 and 108724.
308
Calculate the highest common factor of 3976538 and 58.
58
What is the highest common divisor of 42 and 9280089?
21
Calculate the highest common factor of 432 and 3278094.
6
Calculate the highest common factor of 86444074 and 35052.
5842
Calculate the greatest common divisor of 115465 and 24010.
35
Calculate the greatest common factor of 588105945 and 27.
9
Calculate the greatest common divisor of 518607 and 42282.
261
Calculate the highest common factor of 2229525 and 2700.
675
What is the highest common divisor of 168 and 5159040?
24
What is the greatest common factor of 900649151 and 699?
233
Calculate the greatest common divisor of 1820 and 764985.
65
What is the greatest common factor of 57666507 and 1299?
1299
Calculate the highest common factor of 2276716 and 1716.
52
What is the highest common divisor of 43252 and 3632?
4
What is the greatest common factor of 136482 and 989000?
1978
Calculate the highest common factor of 15497622 and 1176.
294
What is the highest common factor of 13 and 6724029?
13
What is the greatest common divisor of 13288 and 706378?
302
Calculate the highest common divisor of 32147 and 40809.
61
Calculate the highest common divisor of 27 and 6496452.
9
Calculate the greatest common divisor of 2355515 and 39955.
305
Calculate the greatest common divisor of 152 and 14678084.
4
Calculate the greatest common factor of 130391142 and 714.
42
Calculate the highest common divisor of 218718808 and 616.
616
Calculate the highest common factor of 228817708 and 46.
46
What is the greatest common divisor of 204768 and 4819?
79
Calculate the greatest common divisor of 218130 and 18480.
330
Calculate the greatest common divisor of 157891 and 4141.
41
What is the greatest common divisor of 300223 and 68453?
539
Calculate the greatest common divisor of 89462 and 16039882.
2182
Calculate the greatest common divisor of 217412 and 3419.
13
What is the greatest common factor of 2668489 and 3153?
1051
Calculate the greatest common divisor of 12687390 and 54900.
5490
Calculate the greatest common factor of 4964 and 318631.
17
Calculate the greatest common divisor of 2298865 and 8995.
1285
Calculate the greatest common factor of 31 and 365917273.
31
What is the greatest common divisor of 39626881 and 854?
427
What is the highest common divisor of 174553 and 447241?
19
Calculate the greatest common divisor of 47247175 and 19410.
3235
Calculate the greatest common factor of 1278 and 631926.
18
What is the greatest common factor of 80602918 and 125675?
5027
Calculate the greatest common factor of 53415909 and 64776.
8097
What is the greatest common factor of 33 and 147076809?
33
Calculate the greatest common factor of 20646 and 7937240.
2294
What is the greatest common divisor of 264044 and 28?
4
Calculate the greatest common factor of 224315882 